) to base 6.
553
-a11c (base 13) to base 2
-101011010010100
What is -12023331 (base 4) in base 16?
-62fd
What is 10044 (base 6) in base 9?
1731
241 (base 10) to base 9
287
Convert 1654 (base 8) to base 7.
2512
4024 (base 6) to base 5
12010
What is 26b (base 14) in base 11?
403
What is 3553 (base 8) in base 15?
869
Convert -2125 (base 7) to base 16.
-2f2
What is 314214 (base 5) in base 7?
42533
What is 646b (base 12) in base 16?
2b13
Convert -21 (base 13) to base 3.
-1000
What is 436 (base 9) in base 2?
101100101
-110211020 (base 3) to base 14
-359a
Convert 10073 (base 15) to base 16.
c62d
What is -23990 (base 11) in base 3?
-1202021102
Convert 1054 (base 6) to base 8.
372
What is -a0a9 (base 15) in base 4?
-20101311
What is dec (base 15) in base 12?
19a3
Convert 110100 (base 3) to base 10.
333
What is -a83 (base 12) in base 4?
-120003
What is -b58 (base 12) in base 11?
-1272
46 (base 15) to base 6
150
What is 3429 (base 13) in base 9?
11013
-2887 (base 10) to base 3
-10221221
-1154 (base 11) to base 8
-2747
Convert -113143 (base 5) to base 9.
-5646
What is -363 (base 13) in base 9?
-723
What is 120220122 (base 3) in base 6?
125412
What is 33645 (base 11) in base 14?
13a5d
Convert 3111 (base 4) to base 3.
21220
Convert 212101 (base 3) to base 11.
524
What is -10354 (base 6) in base 4?
-112132
Convert 1234 (base 5) to base 8.
302
What is -1011000010 (base 2) in base 9?
-864
Convert -534 (base 15) to base 14.
-5dc
Convert 11001001110 (base 2) to base 5.
22424
-113303 (base 4) to base 9
-2072
Convert -155 (base 7) to base 14.
-65
Convert 48b (base 12) to base 15.
308
Convert 624 (base 12) to base 6.
4044
Convert 1805 (base 11) to base 12.
1400
What is -581 (base 11) in base 6?
-3114
What is 3211 (base 5) in base 2?
110101111
Convert 230100 (base 4) to base 10.
2832
What is -441 (base 15) in base 11?
-7a4
What is -220 (base 15) in base 16?
-1e0
5810 (base 15) to base 14
6b50
What is -96 (base 11) in base 8?
-151
Convert 211001 (base 3) to base 11.
4a1
Convert -206 (base 13) to base 14.
-1a8
Convert -13012303 (base 4) to base 5.
-1412412
What is 101011011 (base 2) in base 9?
425
What is -10030 (base 4) in base 8?
-414
Convert -a41 (base 13) to base 7.
-5040
What is -399 (base 12) in base 13?
-333
What is 58c5 (base 13) in base 16?
30d2
-5003 (base 10) to base 14
-1b75
Convert 1213100 (base 4) to base 10.
6608
Convert 60 (base 7) to base 16.
2a
What is -824 (base 10) in base 11?
-68a
Convert 23140 (base 7) to base 12.
3504
Convert 602 (base 7) to base 9.
358
Convert -220110012 (base 3) to base 13.
-8162
What is 1a (base 11) in base 10?
21
Convert -166 (base 11) to base 8.
-301
4a2 (base 12) to base 14
37c
Convert 8371 (base 9) to base 8.
13773
-1445 (base 9) to base 3
-1111112
Convert 579 (base 14) to base 10.
1087
What is 17126 (base 8) in base 2?
1111001010110
Convert 3235 (base 8) to base 15.
77d
3114 (base 5) to base 13
256
What is 1123 (base 6) in base 4?
10023
What is -2226 (base 8) in base 3?
-1121111
Convert 2787 (base 11) to base 2.
111000010100
-bdb (base 15) to base 8
-5171
1011110111010 (base 2) to base 4
1132322
-44100 (base 8) to base 3
-221101001
What is 20312 (base 7) in base 10?
4958
691 (base 11) to base 16
33a
What is -221 (base 16) in base 10?
-545
-997 (base 13) to base 9
-2227
-142 (base 7) to base 4
-1033
Convert 235220 (base 7) to base 14.
11780
What is -810c (base 13) in base 5?
-1032012
-1203 (base 6) to base 13
-195
1120120111 (base 3) to base 2
111100100111100
Convert -5b3 (base 14) to base 8.
-2161
What is -1200 (base 3) in base 13?
-36
-198 (base 15) to base 3
-111122
What is -2657 (base 11) in base 12?
-1bb6
What is -63d (base 15) in base 13?
-844
25091 (base 11) to base 6
434501
550 (base 9) to base 11
37a
3342 (base 5) to base 14
25a
Convert -11052 (base 6) to base 16.
-608
-37663 (base 10) to base 6
-450211
What is -623 (base 14) in base 8?
-2267
Convert 2512 (base 14) to base 12.
3904
1852 (base 12) to base 13
1454
210141 (base 5) to base 3
100111100
What is -175b (base 12) in base 7?
-11120
Convert -13203003 (base 4) to base 8.
-74303
What is 10256 (base 15) in base 14?
14900
What is -10111101010 (base 2) in base 6?
-11002
15c4b (base 14) to base 15
11270
36810 (base 11) to base 16
ce98
-3133 (base 4) to base 3
-22021
What is 1c38 (base 14) in base 2?
1010000011010
-240143 (base 6) to base 4
-11010333
14444 (base 7) to base 12
2395
Convert 3302 (base 7) to base 3.
1121122
Convert -a88 (base 14) to base 9.
-2761
Convert 27883 (base 9) to base 13.
8817
What is 2111001 (base 3) in base 5?
24220
Convert -231 (base 9) to base 16.
-be
Convert c91 (base 13) to base 15.
981
What is 148 (base 15) in base 7?
566
-10001101100010 (base 2) to base 5
-242213
Convert 1210133 (base 4) to base 2.
1100100011111
-2001020001 (base 3) to base 14
-10958
2aa6 (base 16) to base 3
112222101
Convert 38062 (base 10) to base 8.
112256
What is 1351 (base 6) in base 8?
543
What is 2b63 (base 12) in base 4?
1033323
-485b (base 12) to base 4
-1333013
What is 16026 (base 7) in base 9?
6126
What is -5e0d (base 15) in base 9?
-30434
Convert 912 (base 14) to base 16.
6f4
-214404 (base 5) to base 16
-1d37
What is -124 (base 12) in base 14?
-c4
What is 615 (base 7) in base 2?
100110010
-232324 (base 5) to base 7
-33451
Convert -2c09 (base 14) to base 4.
-1322221
Convert 242301 (base 5) to base 3.
110110011
Convert 113231 (base 4) to base 14.
7a5
What is 2441 (base 6) in base 15?
2a1
-454 (base 10) to base 15
-204
20013 (base 9) to base 4
3031032
What is -2a6 (base 11) in base 6?
-1354
Convert 1011100011 (base 2) to base 14.
3ab
What is -2120112 (base 3) in base 10?
-1877
-2e (base 16) to base 11
-42
What is -64157 (base 8) in base 6?
-323435
-13256 (base 8) to base 16
-16ae
Convert -14066 (base 7) to base 11.
-2964
-157 (base 14) to base 7
-540
Convert 12323 (base 6) to base 9.
2476
-1337 (base 13) to base 2
-101010111110
-352 (base 7) to base 10
-184
Convert -46024 (base 7) to base 15.
-36da
-6424 (base 8) to base 10
-3348
-5abb (base 14) to base 5
-1001340
What is -1112022 (base 3) in base 10?
-1115
What is -23141 (base 5) in base 7?
-4605
-11000110000 (base 2) to base 10
-1584
What is 3d5 (base 16) in base 8?
1725
What is -224310 (base 5) in base 10?
-8080
-1106 (base 14) to base 9
-4033
Convert 7a91 (base 11) to base 2.
10100110000011
103 (base 9) to base 8
124
-128ba (base 15) to base 2
-1110011111010110
Convert 11210 (base 4) to base 10.
356
Convert 121021 (base 3) to base 11.
36a
Convert 178c (base 15) to base 5.
130312
What is 11111000110 (base 2) in base 15?
8ca
-43011 (base 6) to base 3
-22000021
What is 3220 (base 5) in base 10?
435
Convert 342 (base 11) to base 8.
631
Convert -410 (base 9) to base 15.
-173
65642 (base 8) to base 13
c707
-22459 (base 10) to base 11
-15968
-20839 (base 11) to base 10
-30292
What is -8f6d (base 16) in base 5?
-2133332
What is 90cc (base 14) in base 13?
b427
-34601 (base 11) to base 5
-3044344
Convert 11020020 (base 3) to base 13.
1533
Convert 1000001000010101 (base 2) to base 12.
17331
101101000000101 (base 2) to base 13
a649
241675 (base 8) to base 14
222bb
Convert -5919 (base 10) to base 13.
-2904
-22a6 (base 14) to base 5
-143101
10002012 (base 3) to base 15
9eb
-114 (base 7) to base 2
-111100
7124 (base 12) to base 13
5779
Convert 211203 (base 4) to base 10.
2403
Convert -1011001111111 (base 2) to base 3.
-21220022
What is 22210 (base 4) in base 3?
221001
What is 18b (base 12) in base 7?
506
100111111101000 (base 2) to base 8
47750
What is -201330 (base 4) in base 8?
-4174
Convert 10100100 (base 2) to base 5.
1124
-254 (base 13) to base 16
-197
What is 6c9 (base 16) in base 7?
5031
Convert -45342 (base 8) to base 7.
-106614
-3123132 (base 4) to base 7
-55644
What is 2133 (base 14) in base 16?
1661
What is -11205 (base 12) in base 5?
-1212012
What is 155350 (base 6) in base 16?
3c72
Convert 1000 (base 7) to base 2.
101010111
Convert 2598 (base 10) to base 15.
b83
Convert 5841 (base 9) to base 3.
12221101
What is 25167 (base 10) in base 16?
624f
What is -231302 (base 4) in base 11?
-2224
What is 21210 (base 5) in base 6?
10342
What is -54361 (base 7) in base 2?
-11010011111111
-ee (base 16) to base 13
-154
10bb (base 12) to base 7
5312
201110 (base 3) to base 9
643
20111 (base 5) to base 4
110001
Conver